2*p - 205 = -3*p. What is the greatest common factor of p and m?
41
Suppose -3*m - 3*j = 2*j - 46, 3*j - 43 = -4*m. Suppose -p + 4 = 0, -a = -m*p + 11*p - 747. Calculate the highest common divisor of a and 17.
17
Let z be 2/10 - (1027/65)/(-1). Suppose -d + c + 11 = 0, z*d - 63 = 11*d - 3*c. Let q = 14 - 2. What is the highest common divisor of q and d?
12
Let n = 682 - 685. Let h be n*(2 - 30/18) + 183. Calculate the greatest common divisor of 26 and h.
26
Suppose -4*u - 35 = -3*y + 13, 5*y - 80 = 2*u. Let p = 96638 + -96586. What is the greatest common factor of p and y?
4
Let s(o) = 38*o + 319. Let c be s(-12). Let b = c - -157. What is the highest common divisor of b and 120?
20
Let c = -3724 + 3843. What is the greatest common factor of 42 and c?
7
Suppose 109*d = 132*d - 21527 + 4875. Calculate the greatest common divisor of 6335 and d.
181
Let j = -3412 - -4666. Calculate the greatest common divisor of j and 462.
66
Let w(q) = -q**3 - 7*q**2 + 4*q + 30. Let r be w(-7). Let y(k) = -k**3 + 8*k - 7. Let l be y(r). Let t = 0 + 2. What is the highest common factor of t and l?
1
Let v be (-12)/(-108)*-4 + 10408/9. Calculate the greatest common divisor of 340 and v.
68
Suppose 0 = 2*x + 69*w - 66*w - 589, w = 4*x - 1143. What is the highest common factor of x and 410?
41
Let v(i) = -16 + 16*i**2 - 15*i**2 + 5 - 7*i - 2*i. Let t be v(11). Let r be ((-1)/(-2))/(2/220). Calculate the highest common divisor of r and t.
11
Suppose -36 + 6 = 3*q. Let x = -10 - q. Suppose -4*c + 6*c - 128 = x. What is the highest common divisor of 16 and c?
16
Let u(n) = 12*n + 134. Let g be u(-9). Suppose -3784 = -6*q + 740. Calculate the highest common factor of g and q.
26
Let o = 6281 - 6224. What is the greatest common factor of o and 2223?
57
Let y be (-4)/(-12) + 160/6. Let w = 57645 - 57591. Calculate the greatest common factor of w and y.
27
Let g be (-35)/14*614848/(-130). Calculate the greatest common divisor of 32 and g.
16
Let p = 43 + 228. Let i = 291 - p. What is the greatest common divisor of 230 and i?
10
Let s be (-21 + (-2834)/(-130))/(1/60). What is the greatest common factor of s and 1104?
48
Let l be (5 + (-52)/8)*(-23 + 3). Calculate the highest common divisor of l and 78.
6
Suppose 39*w = 43*w - 8. Let p be -2 + (7/w - (-1)/2). Suppose p*x + 2*x - 51 = -l, 0 = -5*x - 3*l + 69. Calculate the greatest common divisor of x and 36.
12
Let d be 2/3*3 - -7. Suppose -3*v - 24 = -w, -4*w + 13*v = 10*v - 96. Calculate the highest common divisor of w and d.
3
Let c(f) = 1703*f + 588. Let y be c(1). Calculate the greatest common divisor of 29 and y.
29
Suppose -h = -2*p + 269, 26*p = 22*p + 5*h + 553. Calculate the highest common divisor of 24 and p.
12
Let h = -10 + 19. Let o(n) be the first derivative of n**4/4 + 8*n**3/3 - 11*n**2/2 - 39*n + 27. Let i be o(-6). What is the greatest common factor of h and i?
9
Suppose -2*l - 83 - 29 = 4*k, 4*k = 2*l + 96. Let h be (-778)/(-13) + (-8)/l. Let j = -32 + 52. What is the greatest common divisor of j and h?
20
Let v be (-129)/12 - -10 - 11/(-4). Let a be -8*((-3)/4 - 0)/v. What is the highest common factor of a and 3?
3
Suppose 116*v = 4*f + 115*v - 25915, -6491 = -f + 2*v. Calculate the highest common divisor of 51 and f.
51
Let a = -775 - -782. Suppose -3*b + 6 + 39 = 0. Let s = a + b. Calculate the highest common divisor of s and 198.
22
Suppose -377*d = -130*d - 192092 - 1118737. What is the greatest common divisor of 244 and d?
61
Let b be ((-135)/5)/(3/2). Let v be 1/1 - (-5 + (b - 10)). What is the greatest common factor of 68 and v?
34
Let s be (-7)/42 - (-157)/6. Let j = s + -23. Suppose -4*x + 83 = -j*f, 0*f = 3*x + 4*f - 31. Calculate the highest common factor of x and 187.
17
Let y be (-504)/126 - 4*2*33. Let h = y - -276. Suppose -2*x = 3*x - 60. Calculate the greatest common divisor of x and h.
4
Let h = -1143 - -1160. Calculate the highest common divisor of h and 19040.
17
Let i = 40 - 15. Suppose 28*f - 9 = i*f. Suppose u + 4*c = -f*u + 16, -2*u - 4*c = -12. Calculate the greatest common divisor of 22 and u.
2
Let a = 7055 - 7031. What is the greatest common divisor of a and 1668?
12
Let b(q) = -21*q + 664. Let a be b(-40). What is the highest common factor of 80 and a?
16
Suppose -6*b = 611 - 6773. Let q = b - 1003. Let u be 6/(58/56 - 1). What is the highest common factor of q and u?
24
Let s(z) = -z**2 + 107*z - 180. Let j be s(35). What is the greatest common divisor of 364 and j?
52
Suppose 32 = 4*u + 14*g - 15*g, -4*g = -3*u + 11. Suppose -6*t + u*t + 6 = 0, 0 = -4*z - 4*t + 672. What is the highest common factor of z and 10?
10
Suppose 328*i - 691 = -4*s + 331*i, -3*s + 512 = 4*i. What is the greatest common factor of 20 and s?
4
Suppose v = -3*a + 780, -30 = -5*v - a + 3870. Suppose 4*t = s - 2*s - 181, -5*s = -5*t + v. Let c = -18 - s. What is the highest common factor of c and 13?
13
Suppose -8*b + 372 = 84. Let l = 563 - 383. Calculate the greatest common divisor of l and b.
36
Suppose -6 = -5*y + 4*x + 21, y - 6 = x. Suppose -y*r = -5*t + 6 - 76, 102 = 4*r + 2*t. Calculate the highest common factor of 5 and r.
5
Suppose -4*s + c + 2252 = 3*c, 4*s = -5*c + 2234. What is the greatest common factor of s and 12?
2
Let t be (-1)/(-4) + ((-2223)/36)/(-13). What is the greatest common divisor of 21 and t?
1
Suppose 18*i - 14*i = 6*i - 50. What is the greatest common divisor of 2025 and i?
25
Let u = 52 + -31. Let g(i) = -i**3 - 16*i**2 + 188*i + 72. Let w be g(-24). Calculate the greatest common factor of w and u.
21
Suppose 0 = 2*v + v - 54. Suppose -6*k + 3*k = -4*m - 1, -4*m = 2*k + 6. Let r be (31 - 37)*m/((-2)/(-4)). Calculate the greatest common divisor of r and v.
6
Suppose 50 = -2*d + 1232. Suppose -24 = -5*c + d. What is the greatest common factor of c and 164?
41
Suppose -5*c = -2*b + b - 5, -5*b - c + 1 = 0. Let l be 18*(4 - (-2 - (-102)/18)). Suppose b = -l*u - 90 + 234. What is the greatest common factor of u and 60?
12
Let c be 3/(0 + 3)*406. Let f be 13/((-104)/24) + 17. Calculate the highest common divisor of f and c.
14
Let p be (4/6)/(4/222). Let z = 37251 - 37250. What is the highest common divisor of p and z?
1
Suppose 24 = 4*f, 0 = -9*u + 4*u - 3*f + 1323. Calculate the greatest common divisor of u and 58.
29
Let z(t) = t**2 - 25*t + 102. Let g be z(20). Let d be 27950/387 - ((-48)/27 + g). What is the highest common divisor of d and 27?
9
Suppose -11*l + 25 = -6*l. Suppose 10*a + 1685 = l*a. Let p = -202 - a. Calculate the greatest common factor of 27 and p.
27
Let h = -834 - -1582. Suppose 4*x - 4*m - h = 0, -4*x = -x + 2*m - 546. Calculate the highest common divisor of 16 and x.
8
Suppose -4*m + 7*m = -6. Let w = m + 5. Suppose -x = 2*o - 290, -w*o - 9*x + 5*x = -440. What is the highest common factor of 96 and o?
48
Let y(p) = p**3 + 3*p**2 - 5*p + 9. Let c(w) = 2*w**2 - 6*w + 10. Let j(x) = 2*c(x) - 3*y(x). Let b be j(-4). What is the highest common divisor of 31 and b?
31
Let r be (-1)/((-12)/(-48)*4/(-2)). Let n(z) = z + z - z**2 + 5 - z**3 + 0*z**3 - 3*z. Let q be n(0). Calculate the highest common factor of r and q.
1
Let p = 19153 + -16099. What is the highest common divisor of p and 66?
6
Let f(q) = -15*q + 101. Let r(o) = 14*o - 101. Let t(k) = -5*f(k) - 6*r(k). Let d be t(10). Calculate the greatest common factor of 187 and d.
11
Let v(u) = 4*u**2 - 3*u - 3. Let m be v(3). Let f = -12268 - -12292. Calculate the highest common factor of m and f.
24
Let c be (67 + -22)*(-6)/10. Let q be (42/27*15)/((-18)/c). Calculate the highest common factor of 175 and q.
35
Let t be 0/(-3 + 3 + -2). Let i(u) = 17*u + 8. Let a be i(7). Suppose 3*h - a - 5 = t. What is the highest common divisor of 11 and h?
11
Let y(s) = s**2 + 2*s + 2. Suppose -4 = -7*x + 24. Let j be (-2)/x + 1 + 391/(-46). Let r be y(j). What is the greatest common divisor of r and 75?
25
Let y(q) = 2*q**2 - 51*q + 118. Let g be y(23). Suppose 197 = g*h + l - 364, -h = -l - 191. Let u = -110 + 157. What is the highest common divisor of u and h?
47
Let g be (171/15 + 53 + -62)*(-41780)/(-3). What is the greatest common divisor of 32 and g?
16
Let o(d) = 246*d - 1. Let y be o(8). Suppose 4*r = -2*v + 1570, -5*r + 4*v - 8*v = -y. What is the greatest common divisor of 23 and r?
23
Suppose -54 = -3*m 